{"id":70,"date":"2026-02-01T13:00:02","date_gmt":"2026-02-01T12:00:02","guid":{"rendered":"https:\/\/nrt-racing.fr\/?page_id=70"},"modified":"2026-02-10T21:21:48","modified_gmt":"2026-02-10T20:21:48","slug":"accueil","status":"publish","type":"page","link":"https:\/\/nrt-racing.fr\/","title":{"rendered":"Accueil"},"content":{"rendered":"\n<h1 class=\"wp-block-heading has-text-align-center has-x-large-font-size\">NRT Racing<\/h1>\n\n\n\n<h2 class=\"wp-block-heading has-cyan-bluish-gray-color has-text-color has-link-color wp-elements-04f6fcbeac8af5082751e2b371a7a377\">Solutions techniques pour le mod\u00e9lisme RC<\/h2>\n\n\n\n<p>NRT Racing propose des produits techniques destin\u00e9s aux passionn\u00e9s de mod\u00e9lisme RC, avec un focus sur la performance, la constance et la fiabilit\u00e9.<\/p>\n\n\n\n<p>Huiles silicone, pi\u00e8ces options et solutions d\u00e9velopp\u00e9es avec une approche d\u2019ing\u00e9nierie.<\/p>\n\n\n\n<p><\/p>\n\n\n\n<p><\/p>\n\n\n\n<h2 class=\"wp-block-heading has-text-align-center\"><strong>Boutique en pr\u00e9paration<\/strong><\/h2>\n\n\n\n<p>Le site est actuellement en phase de test.<br>Les commandes ne sont pas encore ouvertes au public.<\/p>\n\n\n\n<div class=\"wp-block-buttons is-layout-flex wp-block-buttons-is-layout-flex\">\n<div class=\"wp-block-button\"><a class=\"wp-block-button__link wp-element-button\" href=\"https:\/\/nrt-racing.fr\/index.php\/boutique\/\">Boutique<\/a><\/div>\n<\/div>\n\n\n\n<h2 class=\"wp-block-heading\"><\/h2>\n\n\n\t\n\t\t<div id=\"gs_logo_area_48\" data-sort=\"name\" data-shortcode-id=\"48\" class=\"gs_logo_area gs_logo_area_48 slider1 \" data-options='{\"logo_per_page\":\"6\"}' style=\"opacity: 0; visibility: hidden;\">\n\t\t\t<div class=\"gs_logo_area--inner\">\n\n\t\t\t\t<!-- Category Filters - New (Global) -->\n\t\t\t\t\t\n\t\t\t\t\n<div class=\"gs_logo_container gs_carousel_swiper gs_logo_fix_height_and_center\" data-carousel-config='{\"direction\":\"horizontal\",\"speed\":500,\"isAutoplay\":true,\"autoplayDelay\":2000,\"loop\":true,\"pauseOnHover\":true,\"ticker\":false,\"navs\":true,\"navs_pos\":\"bottom\",\"dots\":false,\"dynamic_dots\":true,\"slideSpace\":10,\"slidesPerGroup\":1,\"desktopLogos\":5,\"tabletLogos\":3,\"mobileLogos\":2,\"reverseDirection\":false}'>\n\n\t\n\t\t\n\t\t\t<div class=\"gs_logo_single--wrapper\">\n\t\t\t\t<div class=\"gs_logo_single\">\n\n\t\t\t\t\t<!-- Logo Img -->\n\t\t\t\t\t<img loading=\"lazy\" decoding=\"async\" width=\"300\" height=\"300\" src=\"https:\/\/nrt-racing.fr\/wp-content\/uploads\/2026\/02\/sticker-et-autocollant-mugen-seiki.jpg-300x300.png\" class=\"tt-placement-top tt-bgcolor-one-%23ff5f6d tt-bgcolor-two-%23ffc371 tt-textcolor-%23fff gs-logo--img wp-post-image\" alt=\"\" title=\"Mugen\" srcset=\"https:\/\/nrt-racing.fr\/wp-content\/uploads\/2026\/02\/sticker-et-autocollant-mugen-seiki.jpg-300x300.png 300w, https:\/\/nrt-racing.fr\/wp-content\/uploads\/2026\/02\/sticker-et-autocollant-mugen-seiki.jpg-150x150.png 150w, https:\/\/nrt-racing.fr\/wp-content\/uploads\/2026\/02\/sticker-et-autocollant-mugen-seiki.jpg-768x768.png 768w, https:\/\/nrt-racing.fr\/wp-content\/uploads\/2026\/02\/sticker-et-autocollant-mugen-seiki.jpg-600x600.png 600w, https:\/\/nrt-racing.fr\/wp-content\/uploads\/2026\/02\/sticker-et-autocollant-mugen-seiki.jpg-100x100.png 100w, https:\/\/nrt-racing.fr\/wp-content\/uploads\/2026\/02\/sticker-et-autocollant-mugen-seiki.jpg.png 800w\" sizes=\"auto, (max-width: 300px) 100vw, 300px\" \/>\n\t\t\t\t\t<!-- Logo Title -->\n\t\t\t\t\t\t\t\t\t\t\n\t\t\t\t\t<!-- Logo Category -->\n\t\t\t\t\t\t\t\t\t\t\n\t\t\t\t<\/div>\n\t\t\t<\/div>\n\n\t\t\n\t\t\t<div class=\"gs_logo_single--wrapper\">\n\t\t\t\t<div class=\"gs_logo_single\">\n\n\t\t\t\t\t<!-- Logo Img -->\n\t\t\t\t\t<img loading=\"lazy\" decoding=\"async\" width=\"300\" height=\"40\" src=\"https:\/\/nrt-racing.fr\/wp-content\/uploads\/2026\/02\/Corsatec-display-300x40.jpg\" class=\"tt-placement-top tt-bgcolor-one-%23ff5f6d tt-bgcolor-two-%23ffc371 tt-textcolor-%23fff gs-logo--img wp-post-image\" alt=\"\" title=\"Corsatec\" srcset=\"https:\/\/nrt-racing.fr\/wp-content\/uploads\/2026\/02\/Corsatec-display-300x40.jpg 300w, https:\/\/nrt-racing.fr\/wp-content\/uploads\/2026\/02\/Corsatec-display-768x102.jpg 768w, https:\/\/nrt-racing.fr\/wp-content\/uploads\/2026\/02\/Corsatec-display-600x80.jpg 600w, https:\/\/nrt-racing.fr\/wp-content\/uploads\/2026\/02\/Corsatec-display.jpg 834w\" sizes=\"auto, (max-width: 300px) 100vw, 300px\" \/>\n\t\t\t\t\t<!-- Logo Title -->\n\t\t\t\t\t\t\t\t\t\t\n\t\t\t\t\t<!-- Logo Category -->\n\t\t\t\t\t\t\t\t\t\t\n\t\t\t\t<\/div>\n\t\t\t<\/div>\n\n\t\t\n\t\t\t<div class=\"gs_logo_single--wrapper\">\n\t\t\t\t<div class=\"gs_logo_single\">\n\n\t\t\t\t\t<!-- Logo Img -->\n\t\t\t\t\t<a href=\"http:\/\/www.nrt-racing.fr\" target=\"_blank\" rel=\"noopener\"><img loading=\"lazy\" decoding=\"async\" width=\"300\" height=\"200\" src=\"https:\/\/nrt-racing.fr\/wp-content\/uploads\/2026\/02\/Logo-Grand-HD-fond-transparent-300x200.png\" class=\"tt-placement-top tt-bgcolor-one-%23ff5f6d tt-bgcolor-two-%23ffc371 tt-textcolor-%23fff gs-logo--img wp-post-image\" alt=\"\" title=\"NRT racing\" srcset=\"https:\/\/nrt-racing.fr\/wp-content\/uploads\/2026\/02\/Logo-Grand-HD-fond-transparent-300x200.png 300w, https:\/\/nrt-racing.fr\/wp-content\/uploads\/2026\/02\/Logo-Grand-HD-fond-transparent-1024x683.png 1024w, https:\/\/nrt-racing.fr\/wp-content\/uploads\/2026\/02\/Logo-Grand-HD-fond-transparent-768x512.png 768w, https:\/\/nrt-racing.fr\/wp-content\/uploads\/2026\/02\/Logo-Grand-HD-fond-transparent-600x400.png 600w, https:\/\/nrt-racing.fr\/wp-content\/uploads\/2026\/02\/Logo-Grand-HD-fond-transparent-e1769964233607.png 500w\" sizes=\"auto, (max-width: 300px) 100vw, 300px\" \/><\/a>\n\t\t\t\t\t<!-- Logo Title -->\n\t\t\t\t\t\t\t\t\t\t\n\t\t\t\t\t<!-- Logo Category -->\n\t\t\t\t\t\t\t\t\t\t\n\t\t\t\t<\/div>\n\t\t\t<\/div>\n\n\t\t\n\t\t\t<div class=\"gs_logo_single--wrapper\">\n\t\t\t\t<div class=\"gs_logo_single\">\n\n\t\t\t\t\t<!-- Logo Img -->\n\t\t\t\t\t<img loading=\"lazy\" decoding=\"async\" width=\"300\" height=\"172\" src=\"https:\/\/nrt-racing.fr\/wp-content\/uploads\/2026\/03\/6mik-300x172.png\" class=\"tt-placement-top tt-bgcolor-one-%23ff5f6d tt-bgcolor-two-%23ffc371 tt-textcolor-%23fff gs-logo--img wp-post-image\" alt=\"\" title=\"6Mik\" srcset=\"https:\/\/nrt-racing.fr\/wp-content\/uploads\/2026\/03\/6mik-300x172.png 300w, https:\/\/nrt-racing.fr\/wp-content\/uploads\/2026\/03\/6mik-1024x587.png 1024w, https:\/\/nrt-racing.fr\/wp-content\/uploads\/2026\/03\/6mik-768x441.png 768w, https:\/\/nrt-racing.fr\/wp-content\/uploads\/2026\/03\/6mik-600x344.png 600w, https:\/\/nrt-racing.fr\/wp-content\/uploads\/2026\/03\/6mik.png 1386w\" sizes=\"auto, (max-width: 300px) 100vw, 300px\" \/>\n\t\t\t\t\t<!-- Logo Title -->\n\t\t\t\t\t\t\t\t\t\t\n\t\t\t\t\t<!-- Logo Category -->\n\t\t\t\t\t\t\t\t\t\t\n\t\t\t\t<\/div>\n\t\t\t<\/div>\n\n\t\t\t\t\n\t\n<\/div>\n\t\t\t\t<!-- Pagination -->\n\t\t\t\t\n\t\t\t<\/div>\n\t\t<\/div>\n\t\n\t\t<style>#gs_logo_area_48:not(.verticaltickerdown):not(.verticalticker) .gs_logo_container{margin-left:-5px}#gs_logo_area_48:not(.verticaltickerdown):not(.verticalticker) .gs_logo_container{margin-right:-5px}#gs_logo_area_48:not(.verticaltickerdown):not(.verticalticker) .gs_logo_single--wrapper{padding:5px}#gs_logo_area_48 ul.gs-logo-filter-cats{text-align:center!important}#gs_logo_area_48 .gs_logo_single--wrapper{width:20%}@media (max-width:1023px){#gs_logo_area_48 .gs_logo_single--wrapper{width:33.333333333333%}}@media (max-width:767px){#gs_logo_area_48 .gs_logo_single--wrapper{width:50%}}<\/style>\n","protected":false},"excerpt":{"rendered":"<p>NRT Racing Solutions techniques pour le mod\u00e9lisme RC NRT Racing propose des produits techniques destin\u00e9s aux passionn\u00e9s de mod\u00e9lisme RC, [&hellip;]<\/p>\n","protected":false},"author":1,"featured_media":0,"parent":0,"menu_order":0,"comment_status":"closed","ping_status":"closed","template":"","meta":{"site-sidebar-layout":"default","site-content-layout":"","ast-site-content-layout":"default","site-content-style":"default","site-sidebar-style":"default","ast-global-header-display":"","ast-banner-title-visibility":"","ast-main-header-display":"","ast-hfb-above-header-display":"","ast-hfb-below-header-display":"","ast-hfb-mobile-header-display":"","site-post-title":"","ast-breadcrumbs-content":"","ast-featured-img":"","footer-sml-layout":"","ast-disable-related-posts":"","theme-transparent-header-meta":"","adv-header-id-meta":"","stick-header-meta":"","header-above-stick-meta":"","header-main-stick-meta":"","header-below-stick-meta":"","astra-migrate-meta-layouts":"default","ast-page-background-enabled":"default","ast-page-background-meta":{"desktop":{"background-color":"var(--ast-global-color-5)","background-image":"","background-repeat":"repeat","background-position":"center center","background-size":"auto","background-attachment":"scroll","background-type":"","background-media":"","overlay-type":"","overlay-color":"","overlay-opacity":"","overlay-gradient":""},"tablet":{"background-color":"","background-image":"","background-repeat":"repeat","background-position":"center center","background-size":"auto","background-attachment":"scroll","background-type":"","background-media":"","overlay-type":"","overlay-color":"","overlay-opacity":"","overlay-gradient":""},"mobile":{"background-color":"","background-image":"","background-repeat":"repeat","background-position":"center center","background-size":"auto","background-attachment":"scroll","background-type":"","background-media":"","overlay-type":"","overlay-color":"","overlay-opacity":"","overlay-gradient":""}},"ast-content-background-meta":{"desktop":{"background-color":"var(--ast-global-color-4)","background-image":"","background-repeat":"repeat","background-position":"center center","background-size":"auto","background-attachment":"scroll","background-type":"","background-media":"","overlay-type":"","overlay-color":"","overlay-opacity":"","overlay-gradient":""},"tablet":{"background-color":"var(--ast-global-color-4)","background-image":"","background-repeat":"repeat","background-position":"center center","background-size":"auto","background-attachment":"scroll","background-type":"","background-media":"","overlay-type":"","overlay-color":"","overlay-opacity":"","overlay-gradient":""},"mobile":{"background-color":"var(--ast-global-color-4)","background-image":"","background-repeat":"repeat","background-position":"center center","background-size":"auto","background-attachment":"scroll","background-type":"","background-media":"","overlay-type":"","overlay-color":"","overlay-opacity":"","overlay-gradient":""}},"footnotes":""},"class_list":["post-70","page","type-page","status-publish","hentry"],"_links":{"self":[{"href":"https:\/\/nrt-racing.fr\/index.php\/wp-json\/wp\/v2\/pages\/70","targetHints":{"allow":["GET"]}}],"collection":[{"href":"https:\/\/nrt-racing.fr\/index.php\/wp-json\/wp\/v2\/pages"}],"about":[{"href":"https:\/\/nrt-racing.fr\/index.php\/wp-json\/wp\/v2\/types\/page"}],"author":[{"embeddable":true,"href":"https:\/\/nrt-racing.fr\/index.php\/wp-json\/wp\/v2\/users\/1"}],"replies":[{"embeddable":true,"href":"https:\/\/nrt-racing.fr\/index.php\/wp-json\/wp\/v2\/comments?post=70"}],"version-history":[{"count":7,"href":"https:\/\/nrt-racing.fr\/index.php\/wp-json\/wp\/v2\/pages\/70\/revisions"}],"predecessor-version":[{"id":208,"href":"https:\/\/nrt-racing.fr\/index.php\/wp-json\/wp\/v2\/pages\/70\/revisions\/208"}],"wp:attachment":[{"href":"https:\/\/nrt-racing.fr\/index.php\/wp-json\/wp\/v2\/media?parent=70"}],"curies":[{"name":"wp","href":"https:\/\/api.w.org\/{rel}","templated":true}]}}